 2*c**2 + 3*c + 2. Suppose 2 = 3*p - 4*p. What are the prime factors of a(p)?
2
Let w = 368 - 161. What are the prime factors of w?
3, 23
Let u(s) = s**3 - 3*s**2 - 3*s. Let o be u(4). Let m(q) = 0*q + 0*q + 4 + q**2 - o*q. What are the prime factors of m(5)?
3
Let q(u) be the third derivative of u**6/120 + 7*u**5/60 - u**4/12 - 4*u**3/3 + 2*u**2. List the prime factors of q(-7).
2, 3
List the prime factors of (-1137)/(-15) + ((-14)/5 - -2).
3, 5
Let m(d) be the first derivative of d**2/2 - 5*d - 5. Suppose 0 = -t, 9 = b + 3*t - 5*t. List the prime factors of m(b).
2
Suppose 0 = -s - s + 4. Suppose k = 4*u - 41, s*u + 2*k = k + 13. Suppose -o + 2*o = u. List the prime factors of o.
3
Let n(w) be the first derivative of 37*w**3/3 - w**2 - w - 4. What are the prime factors of n(-1)?
2, 19
Suppose 90 + 170 = 4*o. Suppose 0 = 5*c - 4*j + 1, -j - 3 + 7 = 0. Suppose 20 = -c*l + o. List the prime factors of l.
3, 5
Suppose 0 = -2*g + g. Suppose g = u - 4 - 8. What are the prime factors of u?
2, 3
Let j(i) = 4*i**2 - 2*i + 1. Suppose -c + 4 = c. Let d be j(c). Suppose -3*f + 4*f - 5*s = d, 0 = -4*f - 3*s + 6. List the prime factors of f.
3
Let u(o) = 4*o + 2. Let c be u(6). Let b be c/10 - (-4)/10. Suppose b*i = -i + 20. List the prime factors of i.
5
Let p(r) = -r**2 + r + 1. Let g be p(0). Let c be g - ((-2)/2 - 0). Suppose -25 = -3*i - 4*m, c*i - 2*m - 21 - 5 = 0. List the prime factors of i.
11
Suppose 95 + 20 = 5*u. What are the prime factors of u?
23
Let b(m) = -4*m - 2. Let c be b(-11). Let l be c/8 - (-1)/(-4). Suppose -v + 3*a = -0*v + 9, -l*v - a = -19. List the prime factors of v.
3
Suppose -2*t - 3*t - 1 = -4*v, -5*t + 7 = -2*v. Suppose -3*a - 47 = -4*a - v*y, -2*y = 3*a - 91. List the prime factors of a.
3
Let r(t) = -3 + 3 + t**2. Let k be r(2). Suppose -2*a = k*f - 26, -f + 1 = -2*f - 3*a. What are the prime factors of f?
2
Suppose 164 = 2*g - 2*c, -g + 2*c + 0*c + 79 = 0. List the prime factors of g.
5, 17
Suppose -9*z + 1087 + 866 = 0. List the prime factors of z.
7, 31
Let m(p) = p + 2. Let k be m(-5). Suppose -37 = -4*l + 5*c, c + 16 = 2*l - c. What are the prime factors of k/1 + 10 - l?
2
Let x(n) = -4*n**2 + 2*n - 1. Let b be x(1). Let w(y) = 2*y**2 + 3*y + 1. List the prime factors of w(b).
2, 5
Let n(v) = 2*v**3 - 3*v**2 + 1. Let s be n(2). Suppose 0 = -4*f + 5*x - 56, 12 - 32 = -s*x. Let i(r) = r**2 + 9*r + 9. List the prime factors of i(f).
3
List the prime factors of 458/8 + (3 - 13/4).
3, 19
What are the prime factors of (-2 - 208/10)/((-51)/170)?
2, 19
Let m = -12 - -22. What are the prime factors of m?
2, 5
Suppose q + 1 = 5. Suppose i + 0 = q. Let x(f) = 3*f. List the prime factors of x(i).
2, 3
Let a = 5 - 2. Suppose -5*k - 6 - a = 4*c, -21 = -4*c + k. List the prime factors of c*(-3 + 33/6).
2, 5
Let o(r) = r**3 + 3*r**2 - 2*r - 3. Let a = -9 - -16. Suppose -4*b + 2*u - 10 = 0, u + a = -4*b - 0*u. List the prime factors of o(b).
5
Suppose 2*x + 60 = -2*x. What are the prime factors of (-5)/(x/42) - 1?
13
Suppose -5*u = 5*j - 94 - 61, u - 51 = -5*j. List the prime factors of u.
2, 13
Suppose 2*n - 6 = -n. Let r be (n - 0)/(0 + 1). Suppose 3*p + g - 33 = -r, 3*g = -5*p + 53. List the prime factors of p.
2, 5
Let m be ((-103)/(-2))/(13/26). Suppose 4*a = p + m, -2*a - p = 2*a - 105. List the prime factors of a.
2, 13
What are the prime factors of -1 - ((2 - 4) + -23)?
2, 3
Suppose 0 = -2*d, 5*b - d = -2*d + 360. What are the prime factors of b?
2, 3
Suppose 2*m - 6 = 2*t, m + 3 = 5*t - 2. Suppose 5*c - 90 = -2*j + 16, -4*c = -t*j + 70. What are the prime factors of j?
43
Let k = -2 - -4. List the prime factors of 27/k - 4/8.
13
Let f be ((-1)/(-2))/(3/6). Let r(o) = 10*o**3 - 2*o**2 + 1. What are the prime factors of r(f)?
3
Let s = 25 + 13. What are the prime factors of s?
2, 19
Suppose 0*t + 3 = t. Let a = 17 - t. What are the prime factors of a?
2, 7
List the prime factors of (14 + 0)/(1/2).
2, 7
Let g = -8 + 23. Suppose 3*t = g - 6. Suppose p = t + 5. List the prime factors of p.
2
Let n(z) = z**3 - z**2 - z - 1. Let v(u) = 10*u + 4 + 9 - 5*u**3 - 4 + 10*u**2 + u. Let a(l) = -6*n(l) - v(l). List the prime factors of a(-3).
3
Let d = 0 + 50. Let g(q) = -q**2 - 4*q + 3. Let p be g(-3). Suppose -p*x + x = -d. List the prime factors of x.
2, 5
Suppose 3 = -r + 1. List the prime factors of r + (-32 - -3)/(-1).
3
Let q = 7 - -6. What are the prime factors of q?
13
Let t = 6 + 11. What are the prime factors of t?
17
Let b = 20 + -33. Let y = -11 - b. What are the prime factors of y?
2
Let r = -625 + 413. List the prime factors of 2/(4 - r/(-54)).
3
Let t(w) be the second derivative of 0 - 1/6*w**4 + 0*w**2 - 1/3*w**3 + 2*w - 1/10*w**5. What are the prime factors of t(-2)?
2, 3
List the prime factors of (2*-4)/((-4)/26).
2, 13
Let x = 3 - 1. Let a(i) = x - i**2 - i**2 + 3*i - 4*i + 4*i**2. What are the prime factors of a(2)?
2
What are the prime factors of (-28)/42 - (-556)/6?
2, 23
Suppose -5 + 25 = 4*t. Let g = t - 3. Suppose -3*z = g*z - 85. List the prime factors of z.
17
Let o(y) = -7*y. Let d(t) = t. Let m(x) = 4*d(x) + o(x). List the prime factors of m(-4).
2, 3
Suppose -4 = -r + 7. Suppose 2*j - 9 - r = 0. What are the prime factors of j?
2, 5
Suppose -7*q + 3*q = 20. Let r = 4 - q. Let c = -2 + r. List the prime factors of c.
7
Let d(h) = -6*h**3 - 3*h**2 + 7*h + 3. Let j(c) = -7*c**3 - 3*c**2 + 7*c + 2. Let k(x) = 6*d(x) - 5*j(x). List the prime factors of k(-5).
23
Suppose -4*d + 0*d = -4. Suppose 2*j + 4*v - v = 14, 3*j - 21 = 5*v. Suppose -d = m - j. List the prime factors of m.
2, 3
Let n be 5*6*9/6. List the prime factors of n/20*24/9.
2, 3
Suppose -4*q + 440 = -900. List the prime factors of q.
5, 67
Let v = 106 - 36. List the prime factors of v.
2, 5, 7
Suppose -4*u + u - 18 = 0. List the prime factors of (15/u)/(2/(-4)).
5
Suppose -1355 = -5*t + 305. What are the prime factors of t?
2, 83
Suppose 4*r - 4 = 4. Suppose -r*u + 35 = -3. What are the prime factors of u?
19
Suppose 0 = 3*k + 2*x - 251, -3*x = 2*k - 4*x - 165. What are the prime factors of k?
83
Let g(q) = q**3 + 5*q**2 - 2*q - 5. Let w be g(-5). Suppose w*d - 4 = 6. What are the prime factors of d/7 - (-12)/7?
2
Suppose 5*d + 3*y = 90, 2*d - 2*y = y + 57. List the prime factors of d.
3, 7
Let x = -37 - -17. List the prime factors of (-452)/x + 2/5.
23
Let j = 20 + -16. What are the prime factors of j?
2
Let c = -36 + 26. Let q be (-24)/20*c/(-3). What are the prime factors of 8/((-1 - q) + -1)?
2
List the prime factors of (-2 - -9)/(2/8).
2, 7
Let f = 85 - 45. List the prime factors of f.
2, 5
Let n = -42 + 30. What are the prime factors of n/(-8)*(-60)/(-9)?
2, 5
Suppose 2*u + 2 = 4. List the prime factors of u + 1/((-1)/(-24)).
5
Let o(b) = -b**3 + 2*b**2 + 2*b - 2. Let j be 6/15*(-5 - 0). List the prime factors of o(j).
2, 5
Let b = -248 - -399. List the prime factors of b.
151
Let g(q) = q**2 - 8*q. Suppose 2*l + 8 = -5*o + 24, -3*l - 3*o = -24. Let t be g(l). Let r = 10 - t. List the prime factors of r.
2, 5
Let h be (-32)/20*(-3 + -2). List the prime factors of ((-198)/(-12))/(6/h).
2, 11
Suppose 0 = 2*k + d - 233, -3*k = -3*d - 216 - 111. List the prime factors of k.
2, 3, 19
Let v = -3 + 6. Suppose 0 = 3*q - 0*q, q = v*m - 9. List the prime factors of m.
3
Let b(m) = -m**3 - 2*m**2 - 3*m. Let p be b(-2). Suppose 2*i = 4*d + 22, -3*i - 3*d + 2*d = -19. List the prime factors of i + -2*3/p.
2, 3
Let z(k) = 5*k + 25. What are the prime factors of z(15)?
2, 5
Let v = -9 + 0. Let w = 15 + v. What are the prime factors of w?
2, 3
Let j(g) = -4*g**2 + 3*g + 6. Let f(u) = 11*u**2 - 8*u - 17. Let c(b) = -3*f(b) - 8*j(b). Suppose 0*h = -2*h. What are the prime factors of c(h)?
3
Let i(n) = n - 1. Let q be i(5). Suppose -z + 2 = -q. Suppose -l - 63 = -z*l + p, 0 = l - 5*p - 27. What are the prime factors of l?
2, 3
Let n = 296 - 28. What are the prime factors of n?
2, 67
What are the prime factors of ((-4)/(-1) + -168)/(-2)?
2, 41
Let j = -157 + 222. List the prime factors of j.
5, 13
List the prime factors of (-27)/(-18)*(-56)/(-6).
2, 7
Suppose 0 = 4*y + 3*h - 0*h - 173, -3*y + h + 133 = 0. List the prime factors of y.
2, 11
Let d(r) = r**3 + 3*r**2 + 2*r + 3. Let f be d(-3). What are the prime factors of (f - -1)/(-2)*2?
2
Let t = 18 + -13. Le